{"id":122,"date":"2024-12-11T13:00:51","date_gmt":"2024-12-11T13:00:51","guid":{"rendered":"https:\/\/sklep.leesek.pl\/?page_id=122"},"modified":"2024-12-11T13:00:55","modified_gmt":"2024-12-11T13:00:55","slug":"regulamin-sklepu","status":"publish","type":"page","link":"https:\/\/sklep.leesek.pl\/?page_id=122","title":{"rendered":"Regulamin sklepu"},"content":{"rendered":"\n<p><\/p>\n\n\n\n<p>Autorem strony, sprzedawc\u0105 w sklepie internetowym i podmiotem \u015bwiadcz\u0105cym us\u0142ugi&nbsp; drog\u0105 elektroniczn\u0105 jest Wiktoria Juszczel, dzia\u0142aj\u0105ca w ramach nierejestrowanej dzia\u0142alno\u015bci gospodarczej, z siedzib\u0105 w Warszawie przy ul. Strawczy\u0144skiej 19, 01-473 Warszawa.<\/p>\n\n\n\n<p>W ka\u017cdej chwili mo\u017cesz skontaktowa\u0107 si\u0119 ze mn\u0105, wysy\u0142aj\u0105c wiadomo\u015b\u0107 na adres wiktoria@juszczel.pl<\/p>\n\n\n\n<p>Poni\u017cszy regulamin okre\u015bla zasady i warunki korzystania ze Sklepu, a tak\u017ce prawa i obowi\u0105zki Sprzedawcy i Kupuj\u0105cych.<\/p>\n\n\n\n<h1 class=\"wp-block-heading\"><strong>1.<\/strong> &nbsp; <strong>Definicje<\/strong><\/h1>\n\n\n\n<p>Na potrzeby regulaminu, przedstawione poni\u017cej poj\u0119cia oznaczaj\u0105:<\/p>\n\n\n\n<p>1) &nbsp; &nbsp; <strong>Sklep<\/strong> &#8211; serwis internetowy dost\u0119pny pod adresem:<a href=\"http:\/\/www.leesek.pl\/\"> sklep.leesek.pl<\/a>;<\/p>\n\n\n\n<p>2) &nbsp; &nbsp; <strong>Us\u0142ugodawca<\/strong> &#8211; sprzedawca w Sklepie i podmiot \u015bwiadcz\u0105cy us\u0142ugi drog\u0105 elektroniczn\u0105 jest Wiktoria Juszczel, dzia\u0142aj\u0105ca w ramach nierejestrowanej dzia\u0142alno\u015bci gospodarczej, z siedzib\u0105 w Warszawie przy ul. Strawczy\u0144skiej 19, 01-473 Warszawa;<\/p>\n\n\n\n<p>3) &nbsp; &nbsp; <strong>Formularz zam\u00f3wienia<\/strong> &#8211; Formularz s\u0142u\u017c\u0105cy do z\u0142o\u017cenia zam\u00f3wienia w sklepie. Uzupe\u0142nienie formularza wymaga dodania wybranych produkt\u00f3w lub us\u0142ug cyfrowych do Koszyka, wybrania sposobu p\u0142atno\u015bci oraz uzupe\u0142nienia danych klienta niezb\u0119dnych do zakupu.<\/p>\n\n\n\n<p>4) &nbsp; &nbsp; <strong>Klient<\/strong> &#8211; Konsument, Przedsi\u0119biorca lub Przedsi\u0119biorca na prawach konsumenta. Klientem jest podmiot b\u0119d\u0105cy osob\u0105 fizyczn\u0105 lub osob\u0105 prawn\u0105, kt\u00f3ry dokonuje zakupu produkt\u00f3w lub us\u0142ug cyfrowych.<\/p>\n\n\n\n<p>5) &nbsp; &nbsp; <strong>Przedsi\u0119biorca<\/strong> &#8211; osoba fizyczna lub osoba prawna, prowadz\u0105ca dzia\u0142alno\u015b\u0107 gospodarcz\u0105, kt\u00f3ra dokonuje zakupu produktu lub us\u0142ugi cyfrowej zawieraj\u0105c Umow\u0119, a z tre\u015bci tej Umowy wynika, \u017ce jest ona bezpo\u015brednio zwi\u0105zana z wykonywan\u0105 przez Przedsi\u0119biorc\u0119 dzia\u0142alno\u015bci\u0105 gospodarcz\u0105 i posiada dla Przedsi\u0119biorcy charakter zawodowy;<\/p>\n\n\n\n<p>6) &nbsp; &nbsp; <strong>Konsument<\/strong> &#8211; osoba fizyczna dokonuj\u0105ca z Us\u0142ugodawc\u0105 czynno\u015bci prawnej niezwi\u0105zanej bezpo\u015brednio z jej dzia\u0142alno\u015bci\u0105 gospodarcz\u0105 lub zawodow\u0105;<\/p>\n\n\n\n<p>7) &nbsp; &nbsp; <strong>Przedsi\u0119biorca na prawach konsumenta<\/strong> &#8211; osoba fizyczna prowadz\u0105ca dzia\u0142alno\u015b\u0107 gospodarcz\u0105 dokonuj\u0105ca zakupu produkt\u00f3w lub us\u0142ugi, kt\u00f3ra jest bezpo\u015brednio zwi\u0105zana z jej dzia\u0142alno\u015bci\u0105 gospodarcz\u0105, ale z tre\u015bci Umowy wynika, \u017ce Umowa ta nie posiada dla przedsi\u0119biorcy charakteru zawodowego (np. przedmiot dzia\u0142alno\u015bci gospodarczej udost\u0119pniony w CEIDG);<\/p>\n\n\n\n<p>8) &nbsp; &nbsp; <strong>Konto Klienta<\/strong> &#8211; indywidualny dost\u0119p Klienta na stronie Sklepu okre\u015blany nazw\u0105 u\u017cytkownika oraz has\u0142em w postaci ci\u0105gu znak\u00f3w zabezpieczaj\u0105cych dost\u0119p do konta;<\/p>\n\n\n\n<p>9) &nbsp; &nbsp; <strong>Tre\u015b\u0107 cyfrowa<\/strong> &#8211; dane wytworzone i dostarczane w postaci cyfrowej;<\/p>\n\n\n\n<p>10)&nbsp; <strong>Us\u0142uga cyfrowa<\/strong> &#8211; us\u0142uga pozwalaj\u0105ca na wytwarzanie, przetwarzanie i przechowywanie danych lub dost\u0119p do nich w postaci cyfrowej lub us\u0142uga pozwalaj\u0105c\u0105 na wsp\u00f3lne korzystanie z danych w postaci cyfrowej, kt\u00f3re zosta\u0142y przes\u0142ane lub wytworzone przez konsumenta lub innych u\u017cytkownik\u00f3w tej us\u0142ugi, lub inne formy interakcji przy pomocy takich danych;<\/p>\n\n\n\n<p>11)&nbsp; <strong>Produkt<\/strong> \u2013 ksi\u0105\u017cki lub inne przedmioty lub indywidulany dost\u0119p Klienta do Us\u0142ugi cyfrowej, kt\u00f3rych zakup jest przedmiotem Umowy;<\/p>\n\n\n\n<p>12)&nbsp; <strong>Cena<\/strong> &#8211; wskazane w polskich z\u0142otych wynagrodzenie wraz z podatkami nale\u017cne Us\u0142ugodawcy z tytu\u0142u wykonania Umowy przez Us\u0142ugodawc\u0119;<\/p>\n\n\n\n<p>13)&nbsp; <strong>Us\u0142uga Elektroniczna<\/strong> &#8211; \u015bwiadczenie us\u0142ug drog\u0105 elektroniczn\u0105 w rozumieniu ustawy z dnia 18 lipca 2002 r. <em>o \u015bwiadczeniu us\u0142ug drog\u0105 elektroniczn\u0105<\/em> (Dz.U. z 2020 r, poz. 344 z p\u00f3\u017an. zm.), a po 9 listopada 2024 r. w rozumieniu przepis\u00f3w ustawy z dnia 12 lipca 2024 r.&nbsp; <em>prawo komunikacji elektronicznej<\/em> (Dz. U. 2024 poz. 1221) przez Us\u0142ugodawc\u0119 na rzecz Klienta za po\u015brednictwem strony internetowej Sklepu;<\/p>\n\n\n\n<p>14)&nbsp; <strong>Wymagania Techniczne<\/strong> &#8211; minimalne wymagania techniczne, kt\u00f3rych spe\u0142nienie jest niezb\u0119dne do wsp\u00f3\u0142pracy z systemem teleinformatycznym, kt\u00f3rym pos\u0142uguje si\u0119 Sklep, w tym zawarcia Umowy o \u015awiadczenie Us\u0142ug lub Umowy tj.:<\/p>\n\n\n\n<p>\u2022 komputer, laptop lub inne urz\u0105dzenie multimedialne z dost\u0119pem do Internetu;<\/p>\n\n\n\n<p>\u2022 Klient musi aktywny dost\u0119p do poczty elektronicznej;<\/p>\n\n\n\n<p>\u2022 dost\u0119p do aktualnej przegl\u0105darki internetowej.<\/p>\n\n\n\n<p>15)&nbsp; <strong>Umowa<\/strong> &#8211; umowa zawierana pomi\u0119dzy Us\u0142ugodawc\u0105 a Klientem za po\u015brednictwem Sklepu lub w inny spos\u00f3b, w szczeg\u00f3lno\u015bci poprzez przes\u0142anie Zam\u00f3wienia na adres e-mail Us\u0142ugodawcy i op\u0142acenie z\u0142o\u017conego Zam\u00f3wienia przez Klienta, w ramach kt\u00f3rej Us\u0142ugodawca zobowi\u0105zuje si\u0119 do wysy\u0142ki i\/lub udost\u0119pnienia zam\u00f3wionego Produktu, a Klient do zap\u0142aty Ceny. Umowa zawierana jest z chwil\u0105 przes\u0142ania potwierdzenia przyj\u0119cia Zam\u00f3wienia przez Us\u0142ugodawc\u0119. Umowa zawierana jest w j\u0119zyku polskim, zgodnie z polskim prawem i Regulaminem;<\/p>\n\n\n\n<p>16)&nbsp; <strong>Umowa o \u015bwiadczenie us\u0142ug<\/strong> &#8211; zawarta pomi\u0119dzy Us\u0142ugodawc\u0105 a Klientem, kt\u00f3rej przedmiotem jest \u015bwiadczenie Us\u0142ug Elektronicznych udost\u0119pnianych za po\u015brednictwem Sklepu, na warunkach okre\u015blonych w niniejszym Regulaminie;<\/p>\n\n\n\n<p>17)&nbsp; <strong>Zam\u00f3wienie<\/strong> &#8211; o\u015bwiadczenie woli Klienta sk\u0142adane za po\u015brednictwem formularza zam\u00f3wienia, zmierzaj\u0105ce do zawarcia Umowy na odleg\u0142o\u015b\u0107, kt\u00f3re jest sk\u0142adane z wykorzystaniem \u015brodk\u00f3w porozumiewania si\u0119 na odleg\u0142o\u015b\u0107, w szczeg\u00f3lno\u015bci strony internetowej Sklepu, co do kt\u00f3rego Klient sk\u0142ada ofert\u0119 zawarcia Umowy dotycz\u0105ce Tre\u015bci cyfrowej, Us\u0142ugi cyfrowej lub Produktu i kierowane do Us\u0142ugodawcy oraz w ramach kt\u00f3rego Klient podaje swoje dane niezb\u0119dne dla ewentualnego zawarcia i wykonania Umowy. Z\u0142o\u017cenie Zam\u00f3wienia mo\u017cliwe jest tak\u017ce poprzez przes\u0142anie go na adres e-mail Us\u0142ugodawcy wskazany w Regulaminie;<\/p>\n\n\n\n<p>18)&nbsp; <strong>Koszyk<\/strong> &#8211; Us\u0142uga Elektroniczna udost\u0119pniana Klientowi Sklepu polegaj\u0105ca na umo\u017cliwieniu mu z\u0142o\u017cenia Zam\u00f3wienia Produktu, Tre\u015bci lub Us\u0142ugi cyfrowej, wpisania kod\u00f3w rabatowych umo\u017cliwiaj\u0105cych obni\u017cenie Ceny na zasadach okre\u015blonych odr\u0119bnymi umowami\/regulaminami, wy\u015bwietlenie podsumowania dot. Ceny poszczeg\u00f3lnych Tre\u015bci i Us\u0142ug cyfrowych;<\/p>\n\n\n\n<p>19)&nbsp; <strong>Promocje<\/strong> &#8211; szczeg\u00f3lne warunki zawarcia Umowy proponowane przez Us\u0142ugodawc\u0119 w okre\u015blonym konkretnie czasie, z kt\u00f3rych Klient mo\u017ce skorzysta\u0107 na okre\u015blonych przez Us\u0142ugodawc\u0119 zasadach np. obni\u017cenie ceny Tre\u015bci lub Us\u0142ugi cyfrowej;<\/p>\n\n\n\n<p>20)&nbsp; <strong>Ustawa o prawach konsumenta<\/strong> &#8211; ustawa z dnia 30 maja 2014 r. o prawach konsumenta (Dz.U. 2020 poz. 287 z p\u00f3\u017an. zm.);<\/p>\n\n\n\n<p>21)&nbsp; <strong>Regulamin<\/strong> &#8211; niniejszy dokument okre\u015blaj\u0105cy zasady zawierania Um\u00f3w oraz zasady \u015bwiadczenia i korzystania z us\u0142ug, w tym Us\u0142ug Elektronicznych, udost\u0119pnianych przez Us\u0142ugodawc\u0119 za po\u015brednictwem Sklepu na rzecz Klient\u00f3w. Regulamin okre\u015bla prawa i obowi\u0105zki Klienta Sklepu b\u0119d\u0105cego Konsumentem, Przedsi\u0119biorc\u0105 lub Przedsi\u0119biorc\u0105 na prawach konsumenta;<\/p>\n\n\n\n<p>22)&nbsp; <strong>Cena Pocz\u0105tkowa<\/strong> &#8211; Pierwsza Cena Produktu, w kt\u00f3rej pojawi\u0142 si\u0119 Produkt w Sklepie;<\/p>\n\n\n\n<p>23)&nbsp; <strong>Ostatnia najni\u017csza cena w ci\u0105gu 30 dni<\/strong> &#8211; Najni\u017csza Cena, w jakiej produkt by\u0142 dost\u0119pny w Sklepie w ci\u0105gu ostatnich 30 dni;<\/p>\n\n\n\n<p>24)&nbsp; <strong>Cena Promocyjna<\/strong> &#8211; Cena Produkt\u00f3w w Sklepie po obni\u017ceniu w zwi\u0105zku z og\u0142oszeniem przez Us\u0142ugodawc\u0119 Promocji.<\/p>\n\n\n\n<h1 class=\"wp-block-heading\"><strong>2.<\/strong> &nbsp; <strong>Zakupy w Sklepie<\/strong><\/h1>\n\n\n\n<p>2. 1. &nbsp; &nbsp; Za po\u015brednictwem Sklepu Us\u0142ugodawca prowadzi sprzeda\u017c detaliczn\u0105, \u015bwiadcz\u0105c jednocze\u015bnie na rzecz Klient\u00f3w us\u0142ugi drog\u0105 elektroniczn\u0105. Za po\u015brednictwem Sklepu Klient mo\u017ce dokona\u0107 zakupu Produkt\u00f3w uwidocznionych na stronach Sklepu.<\/p>\n\n\n\n<p>2. 2. &nbsp; &nbsp; Zakup wybranych Produkt\u00f3w nast\u0119puje poprzez skorzystanie z przycisku \u201eKup teraz\u201d lub \u201ePotwierdzam zakup\u201d i wype\u0142nienie formularza zam\u00f3wienia.<\/p>\n\n\n\n<p>2. 3. &nbsp; &nbsp; Zam\u00f3wienie wymaga podania danych osobowych niezb\u0119dnych do realizacji zam\u00f3wienia i z\u0142o\u017cenie niezb\u0119dnych o\u015bwiadcze\u0144 w tym zaakceptowania Regulaminu.<\/p>\n\n\n\n<p>2. 4. &nbsp; &nbsp; Formularz zam\u00f3wienia przeznaczony jest dla podmiot\u00f3w, kt\u00f3re maj\u0105 miejsce zamieszkania, sta\u0142ego wykonywania dzia\u0142alno\u015bci gospodarczej lub siedziby na terytorium Polski. Je\u017celi jeste\u015b w innej sytuacji i chcesz z\u0142o\u017cy\u0107 zam\u00f3wienie, napisz na wskazany adres email.<\/p>\n\n\n\n<p>2. 5. &nbsp; &nbsp; Wszystkie ceny podawane przez Sprzedawc\u0119 wyra\u017cone s\u0105\u0328 w polskiej walucie i s\u0105\u0328 cenami brutto (zawieraj\u0105 podatek VAT). Ceny produkt\u00f3w nie zawieraj\u0105 kosztu dostawy, kt\u00f3ry doliczany jest do sumy zam\u00f3wienia po wyborze odpowiedniego wariantu dostawy.<\/p>\n\n\n\n<p>2. 6. &nbsp; &nbsp; Zam\u00f3wienie op\u0142acane jest z g\u00f3ry. Dost\u0119pna jest wy\u0142\u0105cznie p\u0142atno\u015b\u0107 elektroniczna realizowana za po\u015brednictwem opcji dost\u0119pnych przy sk\u0142adaniu zam\u00f3wienia. Inne sposoby p\u0142atno\u015bci mo\u017cliwe s\u0105 po indywidualnych uzgodnieniach.<\/p>\n\n\n\n<p>2. 7. &nbsp; &nbsp; Op\u0142acenie zam\u00f3wienia prowadzi do zawarcia Umowy sprzeda\u017cy lub o dostarczenie tre\u015bci cyfrowych w postaci Produkt\u00f3w b\u0119d\u0105cych przedmiotem zam\u00f3wienia.<\/p>\n\n\n\n<p>2. 8. &nbsp; &nbsp; Faktur\u0119 dokumentuj\u0105c\u0105 zakup otrzymasz w formie elektronicznej na adres e-mail podany w formularzu zam\u00f3wienia.<\/p>\n\n\n\n<p>2. 9. &nbsp; &nbsp; Korzystanie z zakupionych tre\u015bci cyfrowych wymaga posiadania oprogramowania umo\u017cliwiaj\u0105cego ich otwarcie lub pozwalaj\u0105cego na edycj\u0119 plik\u00f3w.<\/p>\n\n\n\n<p>2. 10.&nbsp; Realizacja umowy co do zakupionych tre\u015bci cyfrowych, co nast\u0119puje poprzez wysy\u0142k\u0119 na adres e-mail podany przez Klienta w zam\u00f3wieniu link\u00f3w pozwalaj\u0105cych na pobranie plik\u00f3w.<\/p>\n\n\n\n<p>2. 11.&nbsp; Potwierdzenie, udost\u0119pnienie, utrwalenie, zabezpieczenie wszelkich istotnych postanowie\u0144 umowy w celu uzyskania dost\u0119pu do tych informacji w przysz\u0142o\u015bci nast\u0119puje w postaci:<\/p>\n\n\n\n<p>1) &nbsp; &nbsp; potwierdzenia zam\u00f3wienia poprzez wys\u0142anie na wskazany adres e-mail: zam\u00f3wienia, informacji o prawie odst\u0105pienia od umowy, link\u00f3w do samodzielnego pobrania regulaminu i wzorca odst\u0105pienia od umowy;<\/p>\n\n\n\n<p>2) &nbsp; &nbsp; faktury elektronicznej wys\u0142anej na wskazany adres e-mail po zrealizowaniu zam\u00f3wienia.<\/p>\n\n\n\n<h1 class=\"wp-block-heading\"><strong>3.<\/strong> &nbsp; <strong>Odst\u0105pienie od umowy<\/strong><\/h1>\n\n\n\n<p>3. 1. &nbsp; &nbsp; Klientowi, przys\u0142uguje prawo do odst\u0105pienia od umowy zawartej na odleg\u0142o\u015b\u0107, bez podania przyczyny i bez ponoszenia koszt\u00f3w, z wyj\u0105tkiem koszt\u00f3w okre\u015blonych w art. 33, art. 34 i art. 35 Ustawy o prawach konsumenta. W przypadku odst\u0105pienia od umowy, zwrotowi podlega ca\u0142a kwota p\u0142atno\u015bci wniesionej z tytu\u0142u zawartej umowy o dostarczenie tre\u015bci lub us\u0142ug cyfrowych.<\/p>\n\n\n\n<p>3. 2. &nbsp; &nbsp; Termin odst\u0105pienia od Umowy zawartej na odleg\u0142o\u015b\u0107 wynosi 14 dni dla umowy, w wykonaniu kt\u00f3rej Us\u0142ugodawca wydaje towar, b\u0119d\u0105c zobowi\u0105zanym do przeniesienia jego w\u0142asno\u015bci &#8211; od obj\u0119cia towaru w posiadanie przez Klienta lub wskazan\u0105 przez niego osob\u0119 trzeci\u0105 inn\u0105 ni\u017c przewo\u017anik.<\/p>\n\n\n\n<p>3. 3. &nbsp; &nbsp; Termin odst\u0105pienia od Umowy o dostarczenie tre\u015bci lub us\u0142ug cyfrowych wynosi 14 dni od zawarcia umowy, chyba \u017ce wyrazi\u0142e\u015b\/wyrazi\u0142a\u015b zgod\u0119 na dostarczenie Ci tre\u015bci, produkt\u00f3w personalizowanych lub us\u0142ug cyfrowych przed up\u0142ywem terminu do odst\u0105pienia od umowy skutkuj\u0105ce utrat\u0105 prawa do odst\u0105pienia od umowy.<\/p>\n\n\n\n<p>3. 4. &nbsp; &nbsp; Je\u017celi masz prawo odst\u0105pi\u0107 od umowy i chcesz to zrobi\u0107, wystarczy, \u017ce poinformujesz o swojej decyzji, np. wysy\u0142aj\u0105c wiadomo\u015b\u0107 na ww. adres e-mail.<\/p>\n\n\n\n<h1 class=\"wp-block-heading\"><strong>4.<\/strong> &nbsp; <strong>Reklamacje<\/strong><\/h1>\n\n\n\n<p>4. 1. &nbsp; &nbsp; W razie niezgodno\u015bci z umow\u0105 zam\u00f3wionych tre\u015bci cyfrowych, mo\u017cesz skorzysta\u0107 z uprawnie\u0144 wynikaj\u0105cych z ustawy o prawach konsumenta.<\/p>\n\n\n\n<p>4. 2. &nbsp; &nbsp; Mo\u017cesz r\u00f3wnie\u017c z\u0142o\u017cy\u0107 reklamacj\u0119 dotycz\u0105c\u0105 dzia\u0142ania strony Sklepu lub jego funkcji. Wystarczy, \u017ce napiszesz do mnie na adres w.juszczel@gmail.com.<\/p>\n\n\n\n<p>4. 3. &nbsp; &nbsp; Na ka\u017cd\u0105 reklamacj\u0119 odpowiadam w terminie do 14 dni od dor\u0119czenia mi reklamacji.<\/p>\n\n\n\n<p>4. 4. &nbsp; &nbsp; Je\u017celi zawierasz umow\u0119 niezwi\u0105zan\u0105 bezpo\u015brednio z prowadzon\u0105 przez Ciebie dzia\u0142alno\u015bci\u0105 gospodarcz\u0105 lub zawodow\u0105, mo\u017cesz skorzysta\u0107 z pozas\u0105dowych sposob\u00f3w rozpatrywania reklamacji i dochodzenia roszcze\u0144. Mi\u0119dzy innymi, masz mo\u017cliwo\u015b\u0107:<\/p>\n\n\n\n<p>a)&nbsp; &nbsp; &nbsp; zwr\u00f3cenia si\u0119 do sta\u0142ego polubownego s\u0105du konsumenckiego z wnioskiem o rozstrzygni\u0119cie sporu wynik\u0142ego z zawartej umowy,<\/p>\n\n\n\n<p>b) &nbsp; &nbsp; zwr\u00f3cenia si\u0119 do wojew\u00f3dzkiego inspektora Inspekcji Handlowej z wnioskiem o wszcz\u0119cie post\u0119powania mediacyjnego w sprawie polubownego zako\u0144czenia sporu,<\/p>\n\n\n\n<p>c)&nbsp; &nbsp; &nbsp; skorzystania z pomocy powiatowego (miejskiego) rzecznika praw konsumenta lub organizacji spo\u0142ecznej, do kt\u00f3rej statutowych zada\u0144 nale\u017cy ochrona konsument\u00f3w,<\/p>\n\n\n\n<p>d) &nbsp; &nbsp; skorzystania z platformy ODR, kt\u00f3ra s\u0142u\u017cy rozstrzyganiu spor\u00f3w pomi\u0119dzy konsumentami i przedsi\u0119biorcami d\u0105\u017c\u0105cymi do pozas\u0105dowego rozstrzygni\u0119cia sporu dotycz\u0105cego zobowi\u0105za\u0144 umownych wynikaj\u0105cych z internetowej umowy sprzeda\u017cy lub umowy o \u015bwiadczenie us\u0142ug.<\/p>\n\n\n\n<p>4. 5. &nbsp; &nbsp; Dodatkowych informacji na temat pozas\u0105dowych sposob\u00f3w rozpatrywania reklamacji i dochodzenia roszcze\u0144, mo\u017cesz szuka\u0107 na stronie internetowej UOKiK.<\/p>\n\n\n\n<h1 class=\"wp-block-heading\"><strong>5.<\/strong> &nbsp; <strong>Prawa autorskie<\/strong><\/h1>\n\n\n\n<p>5. 1. &nbsp; &nbsp; Prawa autorskie do tre\u015bci zawartych na Stronie, Produkt\u00f3w oraz tre\u015bci cyfrowych sprzedawanych za po\u015brednictwem Sklepu przys\u0142uguj\u0105 wy\u0142\u0105cznie Us\u0142ugodawcy lub podmiotom wsp\u00f3\u0142pracuj\u0105cym. Korzystanie z tych tre\u015bci z naruszeniem zasad niniejszego regulaminu lub prawa autorskiego mo\u017ce skutkowa\u0107 odpowiedzialno\u015bci\u0105 cywiln\u0105 lub karn\u0105.<\/p>\n\n\n\n<p>5. 2. &nbsp; &nbsp; Nie mo\u017cesz udost\u0119pnia\u0107 kupionych tre\u015bci cyfrowych do u\u017cytku podmiotom trzecim.<\/p>\n\n\n\n<p>5. 3. &nbsp; &nbsp; Mo\u017cesz korzysta\u0107 z kupionych tre\u015bci cyfrowych w dowolnej ilo\u015bci swoich w\u0142asnych urz\u0105dze\u0144.<\/p>\n\n\n\n<p>5. 4. &nbsp; &nbsp; Mo\u017cesz korzysta\u0107 z kupionych tre\u015bci cyfrowych, w granicach opisanych powy\u017cej, bez konieczno\u015bci oznaczania podmiotu, kt\u00f3remu przys\u0142uguj\u0105 prawa autorskie do tre\u015bci, ale nie mo\u017cesz przedstawia\u0107 siebie jako tego podmiotu.<\/p>\n\n\n\n<p>5. 5. &nbsp; &nbsp; Nie mo\u017cesz odsprzedawa\u0107 kupionych tre\u015bci cyfrowych ani tworzy\u0107 na ich podstawie produkt\u00f3w, tre\u015bci cyfrowych lub us\u0142ug sprzedawanych dalej.<\/p>\n\n\n\n<h1 class=\"wp-block-heading\"><strong>6.<\/strong> &nbsp; &nbsp; <strong>Dane osobowe i pliki cookies<\/strong><\/h1>\n\n\n\n<p>6. 1. &nbsp; &nbsp; Je\u017celi podajesz swoje dane osobowe w procesie sk\u0142adania zam\u00f3wienia lub utworzenia konta, Us\u0142ugodawca jest ich administratorem w rozumieniu przepis\u00f3w o ochronie danych osobowych.<\/p>\n\n\n\n<p>6. 2. &nbsp; &nbsp; Sklep i strona internetowa wykorzystuj\u0105 technologi\u0119 plik\u00f3w cookies.<\/p>\n\n\n\n<p>6. 3. &nbsp; &nbsp; Szczeg\u00f3\u0142y zwi\u0105zane z przetwarzaniem danych osobowych oraz plikami cookies opisane s\u0105 w polityce prywatno\u015bci.<\/p>\n\n\n\n<h1 class=\"wp-block-heading\"><strong>7.<\/strong> &nbsp; &nbsp; <strong>Tre\u015bci dost\u0119pne nieodp\u0142atnie<\/strong><\/h1>\n\n\n\n<p>7. 1. &nbsp; &nbsp; Na Stronie publicznie dost\u0119pne s\u0105 tre\u015bci tekstowe, graficzne, d\u017awi\u0119kowe i audiowizualne, z kt\u00f3rymi mo\u017cesz zapozna\u0107 si\u0119 nieodp\u0142atnie i anonimowo, tj. bez konieczno\u015bci podawania swoich danych osobowych.<\/p>\n\n\n\n<p>7. 2. &nbsp; &nbsp; Cz\u0119\u015b\u0107 tre\u015bci dost\u0119pna jest wy\u0142\u0105cznie dla subskrybent\u00f3w newslettera. Udost\u0119pnianie tre\u015bci cyfrowych w zamian za zapis do newslettera reguluje odr\u0119bny regulamin.<\/p>\n\n\n\n<h1 class=\"wp-block-heading\"><strong>8.<\/strong> &nbsp; <strong>Opinie<\/strong><\/h1>\n\n\n\n<p>Je\u017celi na Stronie znajduj\u0105 si\u0119 opinie na temat moich produkt\u00f3w lub us\u0142ug, zawsze pochodz\u0105 one od klient\u00f3w, kt\u00f3rzy faktycznie korzystali z moich produkt\u00f3w lub us\u0142ug. Zasady gromadzenia, weryfikowania i publikowania opinii opisane s\u0105 w odr\u0119bnym regulaminie opinii.<\/p>\n\n\n\n<h1 class=\"wp-block-heading\"><strong>9.<\/strong> &nbsp; <strong>Komentarze<\/strong><\/h1>\n\n\n\n<p>9. 1. &nbsp; &nbsp; Na stronie funkcjonuje system komentarzy.<\/p>\n\n\n\n<p>9. 2. &nbsp; &nbsp; Mo\u017cesz publikowa\u0107 na blogu swoje komentarze, zar\u00f3wno anonimowo, pod pseudonimem, jak r\u00f3wnie\u017c pod swoim imieniem lub nazwiskiem.<\/p>\n\n\n\n<p>9. 3. &nbsp; &nbsp; System komentarzy obs\u0142ugiwany jest przez Disqus, Inc. Korzystaj\u0105c z systemu komentarzy, korzystasz z&nbsp; us\u0142ugi \u015bwiadczonej drog\u0105 elektroniczn\u0105 przez Disqus, Inc. na zasadach okre\u015blonych w regulaminie, kt\u00f3rym pos\u0142uguje si\u0119 Disqus, Inc.<\/p>\n\n\n\n<p>9. 4. &nbsp; &nbsp; Zakazane jest publikowanie komentarzy bezprawnych, w szczeg\u00f3lno\u015bci naruszaj\u0105cych cudze prawa, dobra lub interesy, przyj\u0119te normy spo\u0142eczne, dobre obyczaje, zawieraj\u0105cych tre\u015bci obrazoburcze, wulgarne, pornograficzne, nawo\u0142uj\u0105ce do nienawi\u015bci, dyskryminuj\u0105ce, marketingowe, promocyjne.<\/p>\n\n\n\n<p>9. 5. &nbsp; &nbsp; Zachowuje sobie prawo do moderacji lub usuwania komentarzy naruszaj\u0105cych powy\u017cszy zakaz.<\/p>\n\n\n\n<h1 class=\"wp-block-heading\"><strong>10.Zmiany regulaminu<\/strong><\/h1>\n\n\n\n<p>10. 1.&nbsp; Regulamin mo\u017ce zosta\u0107 zmieniony w ka\u017cdym czasie i z wa\u017cnych powod\u00f3w, takich jak zmiany prawne, technologiczne lub biznesowe.<\/p>\n\n\n\n<p>10. 2.&nbsp; Do um\u00f3w zawartych przed zmian\u0105 regulaminu stosuje si\u0119 regulamin w brzmieniu obowi\u0105zuj\u0105cym w chwili zawarcia umowy.<\/p>\n\n\n\n<p>10. 3.&nbsp; Regulamin w obecnej wersji obowi\u0105zuje od dnia 4 listopada 2024 r.<\/p>\n","protected":false},"excerpt":{"rendered":"<p>Autorem strony, sprzedawc\u0105 w sklepie internetowym i podmiotem \u015bwiadcz\u0105cym us\u0142ugi&nbsp; drog\u0105 elektroniczn\u0105 jest Wiktoria Juszczel, dzia\u0142aj\u0105ca w ramach nierejestrowanej dzia\u0142alno\u015bci gospodarczej, z siedzib\u0105 w Warszawie przy ul. Strawczy\u0144skiej 19, 01-473 Warszawa. W ka\u017cdej chwili mo\u017cesz skontaktowa\u0107 si\u0119 ze mn\u0105, wysy\u0142aj\u0105c wiadomo\u015b\u0107 na adres wiktoria@juszczel.pl Poni\u017cszy regulamin okre\u015bla zasady i warunki korzystania ze Sklepu, a tak\u017ce [&hellip;]<\/p>\n","protected":false},"author":1,"featured_media":0,"parent":0,"menu_order":0,"comment_status":"closed","ping_status":"closed","template":"","meta":{"footnotes":""},"class_list":["post-122","page","type-page","status-publish","hentry"],"jetpack_sharing_enabled":true,"_links":{"self":[{"href":"https:\/\/sklep.leesek.pl\/index.php?rest_route=\/wp\/v2\/pages\/122","targetHints":{"allow":["GET"]}}],"collection":[{"href":"https:\/\/sklep.leesek.pl\/index.php?rest_route=\/wp\/v2\/pages"}],"about":[{"href":"https:\/\/sklep.leesek.pl\/index.php?rest_route=\/wp\/v2\/types\/page"}],"author":[{"embeddable":true,"href":"https:\/\/sklep.leesek.pl\/index.php?rest_route=\/wp\/v2\/users\/1"}],"replies":[{"embeddable":true,"href":"https:\/\/sklep.leesek.pl\/index.php?rest_route=%2Fwp%2Fv2%2Fcomments&post=122"}],"version-history":[{"count":1,"href":"https:\/\/sklep.leesek.pl\/index.php?rest_route=\/wp\/v2\/pages\/122\/revisions"}],"predecessor-version":[{"id":123,"href":"https:\/\/sklep.leesek.pl\/index.php?rest_route=\/wp\/v2\/pages\/122\/revisions\/123"}],"wp:attachment":[{"href":"https:\/\/sklep.leesek.pl\/index.php?rest_route=%2Fwp%2Fv2%2Fmedia&parent=122"}],"curies":[{"name":"wp","href":"https:\/\/api.w.org\/{rel}","templated":true}]}}