{"id":76,"date":"2024-10-27T17:32:14","date_gmt":"2024-10-27T17:32:14","guid":{"rendered":"https:\/\/sklep.leesek.pl\/?post_type=product&#038;p=76"},"modified":"2025-01-11T17:03:55","modified_gmt":"2025-01-11T17:03:55","slug":"lee-sek-na-tropie-wiktoria-juszczel","status":"publish","type":"product","link":"https:\/\/sklep.leesek.pl\/?product=lee-sek-na-tropie-wiktoria-juszczel","title":{"rendered":"&#8222;Lee Sek na tropie&#8221; Wiktoria Juszczel"},"content":{"rendered":"<p>Terapeutyczna ksi\u0105\u017cka &#8222;Lee Sek na tropie&#8221; autorstwa Wiktorii Juszczel z ilustracjami znanego rysownika satyrycznego Jerzego Wasiukiewicza. Przeznaczona dla dzieci w wieku od 7 do 10 lat (ale i m\u0142odsi i starsi r\u00f3wnie\u017c mog\u0105 si\u0119 przy niej \u015bwietnie bawi\u0107!)<\/p>\n<div class=\"wp-block-uagb-info-box uagb-block-8b5fbd53 uagb-infobox__content-wrap uagb-infobox-icon-above-title uagb-infobox-image-valign-top\">\n<div class=\"uagb-ifb-content\">\n<p class=\"uagb-ifb-desc\">Fajna czy warto\u015bciowa lektura? Nie musisz wybiera\u0107! Lee Sek to ksi\u0105\u017cka, kt\u00f3ra wprowadza m\u0142odych czytelnik\u00f3w w \u015bwiat krymina\u0142\u00f3w,\u00a0 przekazuje warto\u015bci, a jednocze\u015bnie nie bawi si\u0119 w moralizowanie i pouczanie (bo przecie\u017c nikt tego nie lubi, prawda?)<\/p>\n<p>Gdy w lesie pojawia si\u0119 Lee Sek, nikt nie wie, kim jest ten samozwa\u0144czy detektyw. Wszystko zmienia si\u0119, gdy w gabinecie komendanta le\u015bnej policji kto\u015b podrzuca zgni\u0142e jajko. A to dopiero pocz\u0105tek kryminalnych zagadek. Kolejne sprawy udowodni\u0105, \u017ce Lee Sek to najlepszy detektyw na \u015bwiecie, a mo\u017ce i w ca\u0142ym lesie. R\u00f3wnie rudy co inteligentny. Sherlock Holmes z rud\u0105 kit\u0105.<\/p>\n<\/div>\n<\/div>\n<div class=\"wp-block-uagb-buttons uagb-buttons__outer-wrap uagb-btn__default-btn uagb-btn-tablet__default-btn uagb-btn-mobile__default-btn uagb-block-913d7c95\">\n<div class=\"uagb-buttons__wrap uagb-buttons-layout-wrap\">\n<div class=\"wp-block-uagb-buttons-child uagb-buttons__outer-wrap uagb-block-a42adee9 wp-block-button\">\n<div class=\"uagb-button__wrapper\">\n<div class=\"uagb-button__link\">288 stron, 17 opowiada\u0144, mi\u0119kka oprawa i wygodny format 15 x 21 cm., kt\u00f3ry bez problemu zmie\u015bci si\u0119 do plecaka lub torebki.<\/div>\n<\/div>\n<\/div>\n<\/div>\n<\/div>\n<div><\/div>\n<div>Jak Lee Sek mo\u017ce wesprze\u0107 Twoje dziecko?<\/div>\n<div>&#8211; uczy nowych s\u0142\u00f3w zar\u00f3wno przyrodniczych, jak i wprowadza w podstawowe s\u0142ownictwo kryminalistyczne;<\/div>\n<div>&#8211; pokazuje dobro i z\u0142o, przekazuje pozytywne warto\u015bci;<\/div>\n<div>&#8211; wspiera pewno\u015b\u0107 siebie dziecka;<\/div>\n<div>&#8211; uczy wra\u017cliwo\u015bci na przyrod\u0119 i drugiego cz\u0142owieka;<\/div>\n<div>&#8211; uczy tolerancji.<\/div>\n<div>A to wszystko w przyjaznej dla dzieci formie opowiada\u0144, kt\u00f3re nie tylko ucz\u0105, ale r\u00f3wnie\u017c bawi\u0105 i wzruszaj\u0105.<\/div>\n<div><\/div>\n<div><strong>Nie musisz kupowa\u0107 lisa w worku<\/strong>. Zapoznaj si\u0119 z darmowym rozdzia\u0142em, \u017ceby sprawdzi\u0107, czy &#8222;Lee Sek na tropie&#8221; to ksi\u0105\u017cka dla Ciebie. <a href=\"https:\/\/sklep.leesek.pl\/wp-content\/uploads\/2025\/01\/Zagadka-zamknietego-pokoju.pdf\"><strong>POBIERZ TUTAJ<\/strong><\/a>.<\/div>\n<div><\/div>\n<p><img loading=\"lazy\" decoding=\"async\" class=\"alignnone wp-image-106\" src=\"https:\/\/sklep.leesek.pl\/wp-content\/uploads\/2024\/10\/Kopia-\u2013-Dobra-poradnia-6-300x60.png\" alt=\"\" width=\"815\" height=\"163\" srcset=\"https:\/\/sklep.leesek.pl\/wp-content\/uploads\/2024\/10\/Kopia-\u2013-Dobra-poradnia-6-300x60.png 300w, https:\/\/sklep.leesek.pl\/wp-content\/uploads\/2024\/10\/Kopia-\u2013-Dobra-poradnia-6-1024x205.png 1024w, https:\/\/sklep.leesek.pl\/wp-content\/uploads\/2024\/10\/Kopia-\u2013-Dobra-poradnia-6-768x154.png 768w, https:\/\/sklep.leesek.pl\/wp-content\/uploads\/2024\/10\/Kopia-\u2013-Dobra-poradnia-6-1536x307.png 1536w, https:\/\/sklep.leesek.pl\/wp-content\/uploads\/2024\/10\/Kopia-\u2013-Dobra-poradnia-6-2048x410.png 2048w, https:\/\/sklep.leesek.pl\/wp-content\/uploads\/2024\/10\/Kopia-\u2013-Dobra-poradnia-6-600x120.png 600w\" sizes=\"auto, (max-width: 815px) 100vw, 815px\" \/><\/p>\n","protected":false},"excerpt":{"rendered":"<p>Ksi\u0105\u017cka terapeutyczna &#8222;Lee Sek na tropie&#8221; dla dzieci w wieku od 7 do 10 lat wspiera rozw\u00f3j Twojego dziecka, zwi\u0119ksza jego wiedz\u0119 i wra\u017cliwo\u015b\u0107 oraz uczy, co jest dobre, a co z\u0142e, bez nadmiernego pouczania i moralizowania.<\/p>\n","protected":false},"featured_media":77,"comment_status":"open","ping_status":"closed","template":"","meta":[],"product_brand":[],"product_cat":[15],"product_tag":[19],"class_list":{"0":"post-76","1":"product","2":"type-product","3":"status-publish","4":"has-post-thumbnail","6":"product_cat-bez-kategorii","7":"product_tag-ksiazka","9":"first","10":"instock","11":"sale","12":"shipping-taxable","13":"purchasable","14":"product-type-simple"},"jetpack_sharing_enabled":true,"_links":{"self":[{"href":"https:\/\/sklep.leesek.pl\/index.php?rest_route=\/wp\/v2\/product\/76","targetHints":{"allow":["GET"]}}],"collection":[{"href":"https:\/\/sklep.leesek.pl\/index.php?rest_route=\/wp\/v2\/product"}],"about":[{"href":"https:\/\/sklep.leesek.pl\/index.php?rest_route=\/wp\/v2\/types\/product"}],"replies":[{"embeddable":true,"href":"https:\/\/sklep.leesek.pl\/index.php?rest_route=%2Fwp%2Fv2%2Fcomments&post=76"}],"wp:featuredmedia":[{"embeddable":true,"href":"https:\/\/sklep.leesek.pl\/index.php?rest_route=\/wp\/v2\/media\/77"}],"wp:attachment":[{"href":"https:\/\/sklep.leesek.pl\/index.php?rest_route=%2Fwp%2Fv2%2Fmedia&parent=76"}],"wp:term":[{"taxonomy":"product_brand","embeddable":true,"href":"https:\/\/sklep.leesek.pl\/index.php?rest_route=%2Fwp%2Fv2%2Fproduct_brand&post=76"},{"taxonomy":"product_cat","embeddable":true,"href":"https:\/\/sklep.leesek.pl\/index.php?rest_route=%2Fwp%2Fv2%2Fproduct_cat&post=76"},{"taxonomy":"product_tag","embeddable":true,"href":"https:\/\/sklep.leesek.pl\/index.php?rest_route=%2Fwp%2Fv2%2Fproduct_tag&post=76"}],"curies":[{"name":"wp","href":"https:\/\/api.w.org\/{rel}","templated":true}]}}